 digit of 496669?
9
What is the units digit of 4502493?
3
What is the units digit of 519393?
3
What is the millions digit of 1157145?
1
What is the thousands digit of 617199?
7
What is the hundreds digit of 791292?
2
What is the hundreds digit of 5108704?
7
What is the tens digit of 9823298?
9
What is the units digit of 189984?
4
What is the ten thousands digit of 422978?
2
What is the tens digit of 295079?
7
What is the thousands digit of 33169401?
9
What is the hundred thousands digit of 13171315?
1
What is the millions digit of 2148257?
2
What is the hundred thousands digit of 24566267?
5
What is the tens digit of 915646?
4
What is the thousands digit of 12444176?
4
What is the hundred thousands digit of 186125?
1
What is the thousands digit of 25946?
5
What is the tens digit of 663734?
3
What is the units digit of 772562?
2
What is the hundreds digit of 12888353?
3
What is the ten millions digit of 16321025?
1
What is the hundreds digit of 21956348?
3
What is the thousands digit of 1623585?
3
What is the tens digit of 1006686?
8
What is the hundreds digit of 5976565?
5
What is the thousands digit of 300768?
0
What is the thousands digit of 205060?
5
What is the hundred thousands digit of 8763668?
7
What is the hundreds digit of 173124?
1
What is the ten thousands digit of 912235?
1
What is the units digit of 2416923?
3
What is the units digit of 29494925?
5
What is the tens digit of 2043210?
1
What is the hundred thousands digit of 636409?
6
What is the millions digit of 9234784?
9
What is the tens digit of 6081582?
8
What is the hundreds digit of 284430?
4
What is the hundreds digit of 429196?
1
What is the thousands digit of 1113085?
3
What is the ten thousands digit of 41091159?
9
What is the ten thousands digit of 565539?
6
What is the hundreds digit of 187508?
5
What is the hundreds digit of 20879092?
0
What is the thousands digit of 510651?
0
What is the tens digit of 125280?
8
What is the thousands digit of 46196?
6
What is the hundreds digit of 4688809?
8
What is the tens digit of 10702790?
9
What is the thousands digit of 317838?
7
What is the hundreds digit of 849809?
8
What is the units digit of 404503?
3
What is the millions digit of 1159761?
1
What is the thousands digit of 12225315?
5
What is the units digit of 1192409?
9
What is the units digit of 383547?
7
What is the ten thousands digit of 5496974?
9
What is the tens digit of 314760?
6
What is the ten thousands digit of 1571303?
7
What is the millions digit of 7206098?
7
What is the units digit of 282140?
0
What is the units digit of 1930830?
0
What is the hundreds digit of 288704?
7
What is the tens digit of 9583496?
9
What is the hundreds digit of 290151?
1
What is the units digit of 134438?
8
What is the thousands digit of 1283466?
3
What is the units digit of 9620477?
7
What is the tens digit of 859796?
9
What is the ten thousands digit of 1403510?
0
What is the ten thousands digit of 829735?
2
What is the units digit of 1606998?
8
What is the tens digit of 51908?
0
What is the hundred thousands digit of 664847?
6
What is the units digit of 12239962?
2
What is the ten thousands digit of 237104?
3
What is the thousands digit of 10958852?
8
What is the ten thousands digit of 4882268?
8
What is the units digit of 8132595?
5
What is the ten thousands digit of 1763963?
6
What is the ten thousands digit of 1137192?
3
What is the tens digit of 92359?
5
What is the tens digit of 109578?
7
What is the millions digit of 1839815?
1
What is the thousands digit of 14767995?
7
What is the units digit of 926444?
4
What is the ten thousands digit of 525034?
2
What is the thousands digit of 3284621?
4
What is the ten millions digit of 29966440?
2
What is the hundred thousands digit of 1337776?
3
What is the units digit of 10040545?
5
What is the hundreds digit of 1303461?
4
What is the hundred thousands digit of 497723?
4
What is the hundreds digit of 576364?
3
What is the hundred thousands digit of 1107424?
1
What is the tens digit of 58898?
9
What is the units digit of 16368993?
3
What is the thousands digit of 695245?
5
What is the tens digit of 651982?
8
What is the hundred thousands digit of 1578108?
5
What is the thousands digit of 20299161?
9
What is the ten millions digit of 13133421?
1
What is the hundred thousands digit of 498112?
4
What is the millions digit of 3071652?
3
What is the ten thousands digit of 22559220?
5
What is the thousands digit of 2253495?
3
What is the ten thousands digit of 1769690?
6
What is the thousands digit of 277185?
7
What is the hundred thousands digit of 11273540?
2
What is the tens digit of 850032?
3
What is the millions digit of 1309842?
1
What is the units digit of 241497?
7
What is the thousands digit of 1939180?
9
What is the hundreds digit of 131723?
7
What is the units digit of 642757?
7
What is the hundred thousands digit of 7190773?
1
What is the hundreds digit of 255181?
1
What is the thousands digit of 28733?
8
What is the ten thousands digit of 1350242?
5
What is the hundred thousands digit of 308377?
3
What is the units digit of 65499?
9
What is the thousands digit of 70013?
0
What is the tens digit of 971136?
3
What is the thousands digit of 138240?
8
What is the units digit of 1442773?
3
What is the hundreds digit of 2275810?
8
What is the hundred thousands digit of 815850?
8
What is the thousands digit of 366247?
6
What is the tens digit of 6179?
7
What is the thousands digit of 21523?
1
What is the tens digit of 1931716?
1
What is the ten thousands digit of 185804?
8
What is the ten thousands digit of 37304539?
0
What is the ten thousands digit of 35921683?
2
What is the ten thousands digit of 816509?
1
What is the hundreds digit of 2199428?
4
What is the ten thousands digit of 5061338?
6
What is the units digit of 891493?
3
What is the ten thousands digit of 5894394?
9
What is the ten thousands digit of 506416?
0
What is the hundreds digit of 4013599?
5
What is the hundreds digit of 6542?
5
What is the ten thousands digit of 206221?
0
What is the units digit of 802648?
8
What is the thousands digit of 2143958?
3
What is the hundreds digit of 799466?
4
What is the tens digit of 417922?
2
What is the ten thousands digit of 3242227?
4
What is the ten thousands digit of 555028?
5
What is the hundred thousands digit of 2789135?
7
What is the hundred thousands digit of 3547713?
5
What is the thousands digit of 1153014?
3
What is the hundred thousands digit of 1026168?
0
What is the hundreds digit of 726994?
9
What is the hundreds digit of 952854?
8
What is the hundreds digit of 758059?
0
What is the hundreds digit of 5862651?
6
What is the millions digit of 11112895?
1
What is the tens digit of 166565?
6
What is the hundreds digit of 532677?
6
What is the millions digit of 10753277?
0
What is the tens digit of 1455786?
8
What is the thousands digit of 349332?
9
What is the hundred thousands digit of 314792?
3
What is the tens digit of 277861?
6
What is the hundred thousands digit of 245924?
2
What is the thousands digit of 28504008?
4
What is the hundred thousands digit of 10051773?
0
What is the ten thousands digit of 339201?
3
What is the tens digit of 376125?
2
What is the ten thousands digit of 1209877?
0
What is the thousands digit of 6094114?
4
What is the ten thousands digit of 454767?
5
What is the ten thousands digit of 541545?
4
What is the ten thousands digit of 4547066?
4
What is the ten millions digit of 16285649?
1
What is the millions digit of 2315301?
2
What is the units digit of 3346715?
5
What is the units digit of 2031082?
2
What is the thousands digit of 28482370?
2
What is the ten thousands digit of 499209?
9
What is the hundred thousands digit of 888497?
8
What is the hundred thousands digit of 5313344?
3
What is the tens digit of 474868?
6
What is the ten thousands digit of 220674?
2
What is the thousands digit of 602445?
2
What is the units digit of 17184755?
5
What is the units digit of 4227669?
9
What is the units digit of 30849?
9
What is the ten thousands digit of 4753674?
5
What is the tens digit of 6954689?
8
What is the ten thousands digit of 1243380?
4
What is the ten millions digit of 15867911?
1
What is the units digit of 7843160?
0
What is the millions digit of 1655942?
1
What is the hundreds di